{"id":83,"date":"2023-09-18T17:17:33","date_gmt":"2023-09-18T15:17:33","guid":{"rendered":"https:\/\/estudiocoaching.com.ar\/?page_id=83"},"modified":"2023-09-18T18:16:05","modified_gmt":"2023-09-18T16:16:05","slug":"definiciones","status":"publish","type":"page","link":"https:\/\/estudiocoaching.com.ar\/index.php\/definiciones\/","title":{"rendered":"Definiciones"},"content":{"rendered":"\n<p><strong>Los diferentes organismos y asociaciones oficiales ofrecen diferentes definiciones:<br><\/strong><\/p>\n\n\n\n<ul>\n<li>ICF (International Coach Federation): el coaching es un proceso continuo de partenariado, que permite al cliente obtener resultados satisfactorios en su vida personal y profesional. A trav\u00e9s del proceso del coaching, el cliente profundiza en sus conocimientos, mejora su rendimiento y revaloriza su calidad de vida.<\/li>\n\n\n\n<li>ICC (International Coaching Community): el coaching no dice a la gente que hacer; les ayuda a clarificar y controlar su vida. Ayuda a las personas a evaluar lo que est\u00e1n haciendo en su vida tomando en cuenta sus metas, sue\u00f1os, valores e intenciones. Les dan nuevas opciones y conduce al cambio. El coaching ayuda a la persona a superar los bloqueos mentales, mas all\u00e1 de lo que ellos mismos pensaron que era posible. El coaching trabaja como una sociedad entre el coach y el cliente, ayuda a clarificar las metas, hacerlas m\u00e1s retadoras y motivadoras para poder alcanzarlas con la energ\u00eda que viene de sus valores m\u00e1s profundos. El coaching es la respuesta.<\/li>\n\n\n\n<li>SFC (Societ\u00e9 Fran\u00e7aise de Coaching): el coaching es acompa\u00f1ar a personas o a equipos para asegurar el desarrollo de sus potencialidades y de sus conocimientos, en el marco de sus objetivos profesionales. Un proceso cuya finalidad es favorecer la toma de conciencia de una persona o de un equipo sobre su particular modo de funcionamiento, con el objetivo de superar la situaci\u00f3n en la que la persona o el equipo se encuentra.<\/li>\n\n\n\n<li>ASESCO (Asociaci\u00f3n Espa\u00f1ola de Coaching): el coaching es el arte que busca que las personas consigan lo mejor de si mismas en todo aquello que deseen, mediante una relaci\u00f3n continuada. Es una disciplina nueva que nos acerca al logro de objetivos permiti\u00e9ndonos desarrollarnos personal y profesionalmente. Es una competencia que te ayuda a pensar diferente, a mejorar las comunicaciones que mantienes y profundizar en ti mismo.<\/li>\n<\/ul>\n\n\n<div id=\"metaslider-id-99\" style=\"max-width: 500px; margin: 0 auto;\" class=\"ml-slider-3-37-0 metaslider metaslider-flex metaslider-99 ml-slider ms-theme-default\" role=\"region\" aria-roledescription=\"Slideshow\" aria-label=\"Nueva presentaci\u00f3n de diapositivas\">\n    <div id=\"metaslider_container_99\">\n        <div id=\"metaslider_99\">\n            <ul aria-live=\"polite\" class=\"slides\">\n                <li style=\"display: block; width: 100%;\" class=\"slide-100 ms-image\" aria-roledescription=\"slide\" aria-label=\"slide-100\"><img src=\"https:\/\/estudiocoaching.com.ar\/wp-content\/uploads\/2023\/09\/1-2.jpg\" height=\"500\" width=\"500\" alt=\"\" class=\"slider-99 slide-100\" title=\"1\" \/><\/li>\n                <li style=\"display: none; width: 100%;\" class=\"slide-101 ms-image\" aria-roledescription=\"slide\" aria-label=\"slide-101\"><img src=\"https:\/\/estudiocoaching.com.ar\/wp-content\/uploads\/2023\/09\/2-2.jpg\" height=\"500\" width=\"500\" alt=\"\" class=\"slider-99 slide-101\" title=\"2\" \/><\/li>\n                <li style=\"display: none; width: 100%;\" class=\"slide-102 ms-image\" aria-roledescription=\"slide\" aria-label=\"slide-102\"><img src=\"https:\/\/estudiocoaching.com.ar\/wp-content\/uploads\/2023\/09\/3-3.jpg\" height=\"500\" width=\"500\" alt=\"\" class=\"slider-99 slide-102\" title=\"3\" \/><\/li>\n                <li style=\"display: none; width: 100%;\" class=\"slide-103 ms-image\" aria-roledescription=\"slide\" aria-label=\"slide-103\"><img src=\"https:\/\/estudiocoaching.com.ar\/wp-content\/uploads\/2023\/09\/4-3.jpg\" height=\"500\" width=\"500\" alt=\"\" class=\"slider-99 slide-103\" title=\"4\" \/><\/li>\n            <\/ul>\n        <\/div>\n        \n    <\/div>\n<\/div>\n","protected":false},"excerpt":{"rendered":"<p>Los diferentes organismos y asociaciones oficiales ofrecen diferentes definiciones:<\/p>\n","protected":false},"author":1,"featured_media":0,"parent":0,"menu_order":0,"comment_status":"closed","ping_status":"closed","template":"","meta":{"footnotes":""},"_links":{"self":[{"href":"https:\/\/estudiocoaching.com.ar\/index.php\/wp-json\/wp\/v2\/pages\/83"}],"collection":[{"href":"https:\/\/estudiocoaching.com.ar\/index.php\/wp-json\/wp\/v2\/pages"}],"about":[{"href":"https:\/\/estudiocoaching.com.ar\/index.php\/wp-json\/wp\/v2\/types\/page"}],"author":[{"embeddable":true,"href":"https:\/\/estudiocoaching.com.ar\/index.php\/wp-json\/wp\/v2\/users\/1"}],"replies":[{"embeddable":true,"href":"https:\/\/estudiocoaching.com.ar\/index.php\/wp-json\/wp\/v2\/comments?post=83"}],"version-history":[{"count":4,"href":"https:\/\/estudiocoaching.com.ar\/index.php\/wp-json\/wp\/v2\/pages\/83\/revisions"}],"predecessor-version":[{"id":104,"href":"https:\/\/estudiocoaching.com.ar\/index.php\/wp-json\/wp\/v2\/pages\/83\/revisions\/104"}],"wp:attachment":[{"href":"https:\/\/estudiocoaching.com.ar\/index.php\/wp-json\/wp\/v2\/media?parent=83"}],"curies":[{"name":"wp","href":"https:\/\/api.w.org\/{rel}","templated":true}]}}